10
Convert 1 (base 4) to base 7.
1
What is 0 (base 9) in base 7?
0
Convert 1310 (base 5) to base 9.
247
7 (base 13) to base 5
12
-331 (base 7) to base 14
-c1
Convert -2 (base 4) to base 13.
-2
What is 3f (base 16) in base 11?
58
2 (base 8) to base 10
2
What is -35 (base 16) in base 13?
-41
3 (base 11) to base 3
10
-14 (base 15) to base 14
-15
Convert -13 (base 12) to base 3.
-120
0 (base 5) to base 16
0
What is -36 (base 14) in base 2?
-110000
What is -9 (base 14) in base 11?
-9
Convert 12 (base 3) to base 13.
5
What is 24 (base 11) in base 4?
122
What is 111 (base 4) in base 5?
41
2 (base 9) to base 2
10
What is -a2 (base 16) in base 4?
-2202
What is -4a (base 13) in base 4?
-332
What is -5 (base 10) in base 6?
-5
Convert 2112 (base 3) to base 16.
44
110 (base 5) to base 10
30
What is 420 (base 5) in base 12?
92
Convert -4 (base 16) to base 6.
-4
-16 (base 13) to base 15
-14
11 (base 14) to base 4
33
What is 0 (base 2) in base 6?
0
What is -3 (base 14) in base 4?
-3
-5 (base 13) to base 14
-5
-23 (base 8) to base 9
-21
What is -25 (base 12) in base 9?
-32
36 (base 10) to base 6
100
Convert 41 (base 15) to base 12.
51
-111 (base 3) to base 2
-1101
-36 (base 7) to base 9
-30
What is b (base 13) in base 9?
12
Convert -10 (base 4) to base 6.
-4
Convert 6 (base 16) to base 5.
11
2 (base 16) to base 2
10
Convert -10 (base 8) to base 6.
-12
-2 (base 14) to base 5
-2
What is -17 (base 12) in base 2?
-10011
Convert 5 (base 8) to base 12.
5
Convert 201 (base 3) to base 12.
17
What is 157 (base 16) in base 14?
1a7
21 (base 3) to base 9
7
-101001 (base 2) to base 15
-2b
What is -2 (base 14) in base 7?
-2
What is 11 (base 14) in base 6?
23
Convert -121 (base 4) to base 10.
-25
What is 153 (base 6) in base 12?
59
What is -1 (base 3) in base 9?
-1
Convert 0 (base 9) to base 14.
0
Convert -2 (base 7) to base 16.
-2
What is 445 (base 6) in base 11?
148
-2 (base 7) to base 13
-2
What is 6a (base 11) in base 13?
5b
Convert 3 (base 16) to base 12.
3
What is 15 (base 6) in base 14?
b
What is -3 (base 5) in base 4?
-3
Convert 12 (base 8) to base 4.
22
Convert 11 (base 14) to base 9.
16
Convert 3 (base 16) to base 7.
3
What is 13 (base 7) in base 2?
1010
Convert 1 (base 15) to base 16.
1
Convert 68 (base 11) to base 14.
54
-1100 (base 2) to base 8
-14
Convert -17 (base 10) to base 2.
-10001
What is -2 (base 4) in base 5?
-2
What is -1 (base 11) in base 9?
-1
-14 (base 10) to base 12
-12
What is 36 (base 14) in base 4?
300
22 (base 12) to base 7
35
Convert -4 (base 10) to base 7.
-4
Convert -e8 (base 15) to base 4.
-3122
-33 (base 8) to base 9
-30
What is 10 (base 6) in base 5?
11
Convert 95 (base 15) to base 2.
10001100
What is -145 (base 13) in base 16?
-e2
Convert 31 (base 13) to base 15.
2a
Convert -33 (base 5) to base 16.
-12
What is 0 (base 13) in base 14?
0
-101200 (base 3) to base 11
-242
Convert -18 (base 11) to base 12.
-17
What is 205 (base 9) in base 8?
247
What is -32 (base 5) in base 15?
-12
1 (base 16) to base 6
1
-11 (base 12) to base 10
-13
Convert -27 (base 13) to base 8.
-41
What is 2 (base 5) in base 3?
2
What is -3 (base 10) in base 16?
-3
Convert 3 (base 12) to base 2.
11
166 (base 10) to base 8
246
What is -14 (base 5) in base 13?
-9
What is -3c (base 16) in base 7?
-114
1 (base 4) to base 5
1
What is -7 (base 14) in base 6?
-11
134 (base 8) to base 16
5c
Convert 3 (base 12) to base 9.
3
Convert -433 (base 5) to base 4.
-1312
What is -5b (base 16) in base 13?
-70
Convert -13 (base 5) to base 9.
-8
-26 (base 8) to base 6
-34
Convert -6d (base 16) to base 8.
-155
12022 (base 4) to base 2
110001010
Convert 1 (base 3) to base 12.
1
Convert -61 (base 9) to base 6.
-131
Convert 1012 (base 3) to base 4.
200
7 (base 15) to base 9
7
145 (base 12) to base 8
305
-20 (base 15) to base 14
-22
Convert -5 (base 9) to base 11.
-5
-13a (base 15) to base 13
-187
111001 (base 2) to base 4
321
0 (base 3) to base 9
0
Convert -7b (base 12) to base 5.
-340
Convert -1002 (base 6) to base 12.
-162
What is -3 (base 15) in base 2?
-11
-13 (base 16) to base 11
-18
Convert 2 (base 11) to base 4.
2
Convert 2 (base 10) to base 11.
2
What is -5 (base 13) in base 7?
-5
What is 2 (base 7) in base 4?
2
What is 10102 (base 3) in base 4?
1130
3 (base 5) to base 13
3
Convert -4 (base 13) to base 14.
-4
What is -6 (base 9) in base 11?
-6
-3 (base 4) to base 11
-3
-4 (base 13) to base 3
-11
7d (base 15) to base 8
166
27 (base 14) to base 2
100011
-10 (base 6) to base 8
-6
1 (base 12) to base 8
1
78 (base 14) to base 15
71
-124 (base 13) to base 11
-171
-434 (base 5) to base 6
-315
What is 3a (base 13) in base 4?
301
-1 (base 13) to base 6
-1
2 (base 12) to base 7
2
11033 (base 4) to base 2
101001111
Convert -402 (base 6) to base 2.
-10010010
What is 1232 (base 4) in base 5?
420
What is 12 (base 13) in base 6?
23
What is 1 (base 15) in base 13?
1
Convert 2 (base 12) to base 16.
2
1 (base 10) to base 5
1
a (base 13) to base 10
10
Convert -61 (base 13) to base 7.
-142
-22 (base 13) to base 16
-1c
41 (base 5) to base 13
18
Convert 87 (base 13) to base 15.
76
Convert 30 (base 5) to base 3.
120
Convert 1111 (base 4) to base 10.
85
What is -38 (base 16) in base 14?
-40
-41 (base 5) to base 7
-30
What is -33 (base 7) in base 14?
-1a
Convert -55 (base 16) to base 13.
-67
What is 22 (base 6) in base 14?
10
What is -5 (base 12) in base 13?
-5
Convert -2 (base 8) to base 3.
-2
-1 (base 8) to base 6
-1
What is 5 (base 15) in base 12?
5
What is -6 (base 12) in base 9?
-6
What is 3 (base 16) in base 13?
3
What is 101 (base 2) in base 3?
12
What is -5 (base 16) in base 14?
-5
-23 (base 4) to base 10
-11
Convert 1100 (base 2) to base 12.
10
What is 8 (base 14) in base 13?
8
-101001 (base 2) to base 14
-2d
What is -5 (base 7) in base 9?
-5
What is -1 (base 9) in base 8?
-1
What is -2 (base 3) in base 6?
-2
-1 (base 5) to base 4
-1
Convert 431 (base 6) to base 11.
139
Convert -2 (base 15) to base 2.
-10
-a (base 16) to base 4
-22
What is -22 (base 8) in base 4?
-102
4 (base 14) to base 13
4
1 (base 12) to base 14
1
What is -15 (base 15) in base 11?
-19
15 (base 6) to base 13
b
What is 1421 (base 5) in base 10?
236
-1 (base 11) to base 7
-1
What is -31 (base 4) in base 3?
-111
Convert -6 (base 14) to base 9.
-6
Convert 20 (base 5) to base 13.
a
What is -21 (base 5) in base 12?
-b
Convert 1011110 (base 2) to base 7.
163
What is 1a (base 16) in base 11?
24
-1 (base 6) to base 3
-1
What is -30 (base 6) in base 16?
-12
Convert -10 (base 6) to base 4.
-12
Convert -1c (base 15) to base 5.
-102
Convert -1 (base 15) to base 10.
-1
Convert -4 (base 11) to base 14.
-4
-3 (base 16) to base 13
-3
What is -7 (base 14) in base 3?
-21
-12 (base 13) to base 7
-21
Convert -27 (base 15) to base 13.
-2b
-1010 (base 3) to base 10
-30
Convert 3 (base 7) to base 13.
3
Convert 24 (base 16) to base 4.
210
What is -8 (base 12) in base 16?
-8
201 (base 3) to base 4
103
Convert -14 (base 13) to base 5.
-32
2022 (base 3) to base 4
332
3 (base 13) to base 9
3
43 (base 13) to base 5
210
Convert 21 (base 12) to base 4.
121
1a (base 12) to base 4
112
Convert 45 (base 15) to base 3.
2102
Convert -2 (base 6) to base 7.
-2
What is -2 (base 5) in base 12?
-2
Convert 7 (base 12) to base 3.
21
-231 (base 5) to base 9
-73
What is 442 (base 7) in base 5?
1401
What is 82 (base 12) in base 3?
10122
Convert 0 (base 10) to base 11.
0
What is -1 (base 15) in base 8?
-1
53 (base 7) to base 14
2a
What is -34 (base 10) in base 4?
-202
112 (base 9) to base 16
5c
What is 26 (base 11) in base 15?
1d
What is -3 (base 15) in base 9?
-3
Convert 9 (base 14) to base 16.
9
Convert 7 (base 13) to base 14.
7
What is -110001 (base 2) in base 13?
-3a
Convert -3 (base 6) to base 4.
-3
Convert -15 (base 16) to base 3.
-210
Convert -204 (base 6) to base 16.
-4c
What is e (base 16) in base 5?
24
What is 1 (base 6) in base 15?
1
What is 7 (base 14) in base 9?
7
What is 7 (base 15) in base 6?
11
148 (base 16) to base 15
16d
Convert -130 (base 8) to base 2.
-1011000
What is -168 (base 14) in base 4?
-10200
-1 (base 7) to base 13
-1
-9 (base 14) to base 9
-10
Convert -1 (base 10) to base 14.
-1
b (base 16) to base 10
11
What is -9 (base 11) in base 2?
-1001
Convert 3 (base 9) to base 7.
3
What is 20 (base 4) in base 6?
12
Convert 88 (base 15) to base 6.
332
Convert